{"id":7,"date":"2011-12-10T01:23:46","date_gmt":"2011-12-10T01:23:46","guid":{"rendered":"http:\/\/aavanz.biz\/wordpress\/?page_id=7"},"modified":"2025-04-14T11:28:38","modified_gmt":"2025-04-14T11:28:38","slug":"events","status":"publish","type":"page","link":"https:\/\/aavanz.biz\/?page_id=7","title":{"rendered":"Services"},"content":{"rendered":"<p>AAVANZ excels at the composition of new Strategies for Start-ups and SMEs, supported by tailored design of specific Innovation processes targeted into the development of new Products and obtaining funding for project implementation.<\/p>\n<p><strong>Funding Consulting<\/strong><\/p>\n<p><strong><a href=\"https:\/\/i0.wp.com\/aavanz.biz\/wp-content\/uploads\/2011\/12\/icon.png\"><img decoding=\"async\" loading=\"lazy\" title=\"icon\" src=\"https:\/\/i0.wp.com\/aavanz.biz\/wp-content\/uploads\/2011\/12\/icon.png?resize=12%2C11\" alt=\"\" width=\"12\" height=\"11\" data-recalc-dims=\"1\" \/><\/a><\/strong>\u00a0 \u00a0 \u00a0 Technology Roamaps and State of the Art Studies<\/p>\n<p><a href=\"https:\/\/i0.wp.com\/aavanz.biz\/wp-content\/uploads\/2011\/12\/icon.png\"><img decoding=\"async\" loading=\"lazy\" title=\"icon\" src=\"https:\/\/i0.wp.com\/aavanz.biz\/wp-content\/uploads\/2011\/12\/icon.png?resize=12%2C11\" alt=\"\" width=\"12\" height=\"11\" data-recalc-dims=\"1\" \/><\/a>\u00a0\u00a0\u00a0\u00a0\u00a0\u00a0Future Studies and Scenarios<\/p>\n<p><a href=\"https:\/\/i0.wp.com\/aavanz.biz\/wp-content\/uploads\/2011\/12\/icon.png\"><img decoding=\"async\" loading=\"lazy\" title=\"icon\" src=\"https:\/\/i0.wp.com\/aavanz.biz\/wp-content\/uploads\/2011\/12\/icon.png?resize=12%2C11\" alt=\"\" width=\"12\" height=\"11\" data-recalc-dims=\"1\" \/><\/a>\u00a0\u00a0\u00a0\u00a0\u00a0 Development of proposals for European Public funding programmes, focusing on Innovation and R&amp;D instruments:<\/p>\n<ul>\n<li>FP7, Marie Curie, CIP, ARTEMIS, CleanSky<\/li>\n<li>Eureka, Eurostars, CYTED\/Iberoeka<\/li>\n<li>Regional and Structural Funds (QREN)<\/li>\n<\/ul>\n<p><a href=\"https:\/\/i0.wp.com\/aavanz.biz\/wp-content\/uploads\/2011\/12\/icon.png\"><img decoding=\"async\" loading=\"lazy\" title=\"icon\" src=\"https:\/\/i0.wp.com\/aavanz.biz\/wp-content\/uploads\/2011\/12\/icon.png?resize=12%2C11\" alt=\"\" width=\"12\" height=\"11\" data-recalc-dims=\"1\" \/><\/a>\u00a0\u00a0\u00a0\u00a0\u00a0\u00a0Innovation and International cooperation \/ networking<\/p>\n<p><a href=\"https:\/\/i0.wp.com\/aavanz.biz\/wp-content\/uploads\/2011\/12\/icon.png\"><img decoding=\"async\" loading=\"lazy\" title=\"icon\" src=\"https:\/\/i0.wp.com\/aavanz.biz\/wp-content\/uploads\/2011\/12\/icon.png?resize=12%2C11\" alt=\"\" width=\"12\" height=\"11\" data-recalc-dims=\"1\" \/><\/a>\u00a0\u00a0\u00a0\u00a0\u00a0 Managing International cooperation and clustering in ICT and Space domains with Africa and South America<\/p>\n<p><a href=\"https:\/\/i0.wp.com\/aavanz.biz\/wp-content\/uploads\/2011\/12\/icon.png\"><img decoding=\"async\" loading=\"lazy\" title=\"icon\" src=\"https:\/\/i0.wp.com\/aavanz.biz\/wp-content\/uploads\/2011\/12\/icon.png?resize=12%2C11\" alt=\"\" width=\"12\" height=\"11\" data-recalc-dims=\"1\" \/><\/a>\u00a0\u00a0\u00a0\u00a0\u00a0\u00a0Tutoring on proposal preparation &amp; pre-evaluation<\/p>\n<p title=\"icon\"><a href=\"https:\/\/i0.wp.com\/aavanz.biz\/wp-content\/uploads\/2011\/12\/icon.png\"><img decoding=\"async\" loading=\"lazy\" title=\"icon\" src=\"https:\/\/i0.wp.com\/aavanz.biz\/wp-content\/uploads\/2011\/12\/icon.png?resize=12%2C11\" alt=\"\" width=\"12\" height=\"11\" data-recalc-dims=\"1\" \/><\/a>\u00a0\u00a0\u00a0\u00a0\u00a0 R&amp;D Project Management and Project Results Exploitation<\/p>\n<p><a href=\"https:\/\/i0.wp.com\/aavanz.biz\/wp-content\/uploads\/2011\/12\/icon.png\"><img decoding=\"async\" loading=\"lazy\" title=\"icon\" src=\"https:\/\/i0.wp.com\/aavanz.biz\/wp-content\/uploads\/2011\/12\/icon.png?resize=12%2C11\" alt=\"\" width=\"12\" height=\"11\" data-recalc-dims=\"1\" \/><\/a>\u00a0\u00a0\u00a0\u00a0\u00a0\u00a0Business Planning<\/p>\n<p><strong>Innovation Management<\/strong><\/p>\n<p><a href=\"https:\/\/i0.wp.com\/aavanz.biz\/wp-content\/uploads\/2011\/12\/icon.png\"><img decoding=\"async\" loading=\"lazy\" title=\"icon\" src=\"https:\/\/i0.wp.com\/aavanz.biz\/wp-content\/uploads\/2011\/12\/icon.png?resize=12%2C11\" alt=\"\" width=\"12\" height=\"11\" data-recalc-dims=\"1\" \/><\/a>\u00a0\u00a0\u00a0\u00a0\u00a0\u00a0Design Innovation Management Processes and Systems<\/p>\n<p><a href=\"https:\/\/i0.wp.com\/aavanz.biz\/wp-content\/uploads\/2011\/12\/icon.png\"><img decoding=\"async\" loading=\"lazy\" title=\"icon\" src=\"https:\/\/i0.wp.com\/aavanz.biz\/wp-content\/uploads\/2011\/12\/icon.png?resize=12%2C11\" alt=\"\" width=\"12\" height=\"11\" data-recalc-dims=\"1\" \/><\/a>\u00a0\u00a0\u00a0\u00a0\u00a0\u00a0Perform Market analysis, trends and Research studies<\/p>\n<p><a href=\"https:\/\/i0.wp.com\/aavanz.biz\/wp-content\/uploads\/2011\/12\/icon.png\"><img decoding=\"async\" loading=\"lazy\" title=\"icon\" src=\"https:\/\/i0.wp.com\/aavanz.biz\/wp-content\/uploads\/2011\/12\/icon.png?resize=12%2C11\" alt=\"\" width=\"12\" height=\"11\" data-recalc-dims=\"1\" \/><\/a>\u00a0\u00a0\u00a0\u00a0\u00a0\u00a0Foresight and Scenario based planning<\/p>\n<p><a href=\"https:\/\/i0.wp.com\/aavanz.biz\/wp-content\/uploads\/2011\/12\/icon.png\"><img decoding=\"async\" loading=\"lazy\" title=\"icon\" src=\"https:\/\/i0.wp.com\/aavanz.biz\/wp-content\/uploads\/2011\/12\/icon.png?resize=12%2C11\" alt=\"\" width=\"12\" height=\"11\" data-recalc-dims=\"1\" \/><\/a>\u00a0\u00a0\u00a0\u00a0\u00a0\u00a0New product market receptivity analysis<\/p>\n<p><a href=\"https:\/\/i0.wp.com\/aavanz.biz\/wp-content\/uploads\/2011\/12\/icon.png\"><img decoding=\"async\" loading=\"lazy\" title=\"icon\" src=\"https:\/\/i0.wp.com\/aavanz.biz\/wp-content\/uploads\/2011\/12\/icon.png?resize=12%2C11\" alt=\"\" width=\"12\" height=\"11\" data-recalc-dims=\"1\" \/><\/a>\u00a0\u00a0\u00a0\u00a0\u00a0\u00a0Operational and financial business planning:<\/p>\n<ul>\n<li>New companies<\/li>\n<li>New products\/services<\/li>\n<\/ul>\n<p><strong><br \/>\nInnovation Strategies<\/strong><\/p>\n<p><a href=\"https:\/\/i0.wp.com\/aavanz.biz\/wp-content\/uploads\/2011\/12\/icon.png\"><img decoding=\"async\" loading=\"lazy\" title=\"icon\" src=\"https:\/\/i0.wp.com\/aavanz.biz\/wp-content\/uploads\/2011\/12\/icon.png?resize=12%2C11\" alt=\"\" width=\"12\" height=\"11\" data-recalc-dims=\"1\" \/><\/a>\u00a0\u00a0\u00a0\u00a0\u00a0\u00a0Planning and execution of Differentiation Strategies<\/p>\n<p><a href=\"https:\/\/i0.wp.com\/aavanz.biz\/wp-content\/uploads\/2011\/12\/icon.png\"><img decoding=\"async\" loading=\"lazy\" title=\"icon\" src=\"https:\/\/i0.wp.com\/aavanz.biz\/wp-content\/uploads\/2011\/12\/icon.png?resize=12%2C11\" alt=\"\" width=\"12\" height=\"11\" data-recalc-dims=\"1\" \/><\/a>\u00a0\u00a0\u00a0\u00a0\u00a0\u00a0Creation of implementation plans for new Web business and services<\/p>\n<p><a href=\"https:\/\/i0.wp.com\/aavanz.biz\/wp-content\/uploads\/2011\/12\/icon.png\"><img decoding=\"async\" loading=\"lazy\" title=\"icon\" src=\"https:\/\/i0.wp.com\/aavanz.biz\/wp-content\/uploads\/2011\/12\/icon.png?resize=12%2C11\" alt=\"\" width=\"12\" height=\"11\" data-recalc-dims=\"1\" \/><\/a>\u00a0\u00a0\u00a0\u00a0\u00a0\u00a0Identification of Market trends and of new market niches<\/p>\n<p><strong>ICT Expertise<\/strong><\/p>\n<p><a href=\"https:\/\/i0.wp.com\/aavanz.biz\/wp-content\/uploads\/2011\/12\/icon.png\"><img decoding=\"async\" loading=\"lazy\" title=\"icon\" src=\"https:\/\/i0.wp.com\/aavanz.biz\/wp-content\/uploads\/2011\/12\/icon.png?resize=12%2C11\" alt=\"\" width=\"12\" height=\"11\" data-recalc-dims=\"1\" \/><\/a>\u00a0\u00a0\u00a0\u00a0\u00a0 AAVANZ provides consultancy and development of the following ICT software systems:<\/p>\n<ul>\n<li>Embedded Systems design and development, particularly Wireless Sensor Networks<\/li>\n<li>Wireless technologies, particularly GSM, mobile and monitoring applications<\/li>\n<li>AAL \u2013 Ambient Assisted Living; IoT \u2013 Internet of Things<\/li>\n<li>Expert CRM systems for Health sector, HORECA, Sales forces and \u00a0\u00a0\u00a0\u00a0\u00a0\u00a0\u00a0\u00a0\u00a0\u00a0\u00a0\u00a0\u00a0\u00a0\u00a0\u00a0\u00a0\u00a0\u00a0 Industrial environments<\/li>\n<li>Space Systems: Telecommunication, Galileo and GMES (Global Monitoring for Environment and Security)<\/li>\n<li>System Dynamics: Business and Policy modelling\/simulation<\/li>\n<li>Artificial vision algorithms for logistic processes<\/li>\n<\/ul>\n<p><strong>Training in Technology Transfer &amp; Innovation<\/strong><\/p>\n<p><a href=\"https:\/\/i0.wp.com\/aavanz.biz\/wp-content\/uploads\/2011\/12\/icon.png\"><img decoding=\"async\" loading=\"lazy\" title=\"icon\" src=\"https:\/\/i0.wp.com\/aavanz.biz\/wp-content\/uploads\/2011\/12\/icon.png?resize=12%2C11\" alt=\"\" width=\"12\" height=\"11\" data-recalc-dims=\"1\" \/><\/a>\u00a0\u00a0\u00a0\u00a0\u00a0 We provide training sessions, both introductory, advanced, and hands-on workshops, in several areas related to innovation management and technology transfer. These courses are designed to provide independent, in-depth knowledge, and professional practical guidance.<\/p>\n<ul>\n<li>A &#8211; Grant Writing and grant management (more details bellow)<\/li>\n<li>B &#8211; Project management (more details bellow)<\/li>\n<li>C &#8211; Innovation Management<\/li>\n<li>D &#8211; Foresight and scenarios<\/li>\n<li>E &#8211; Internationalization and business development (more details bellow)<\/li>\n<li>F &#8211; Functional and value analysis<\/li>\n<li>G &#8211; Crisis management<\/li>\n<li>H &#8211; Organizational behaviour, culture and Biases<\/li>\n<li>I &#8211; Information systems<\/li>\n<li>J &#8211; System modelling and analysis<\/li>\n<li>K &#8211; Risk analysis and safety<\/li>\n<li>L &#8211; Investment analysis<\/li>\n<li>M &#8211; Sustainable economic development<\/li>\n<\/ul>\n<p><strong>\u00a0<\/strong><\/p>\n<p><strong>A &#8211; Grant Writing and grant management<\/strong><\/p>\n<p><strong>Horizon Europe (HE)*<\/strong><\/p>\n<ul>\n<li>Grant Writing in general<\/li>\n<li>Preparation of HE Grant Applications:\n<ul>\n<li>ERC<\/li>\n<li>EIC Pathfinder, Transition, Accelerator<\/li>\n<li>IA\/RIA\/CSA projects (emphasis in HE Cluster 2)<\/li>\n<li>MSCA (Marie Curie)<\/li>\n<li>WIDERA<\/li>\n<\/ul>\n<\/li>\n<li>Project Execution &amp; Management (including legal and financial matters)<\/li>\n<li>Dissemination, Communication, and exploitation<\/li>\n<li>Impact assessments and socioeconomic studies<\/li>\n<li>State of the art analysis (market, scientific, patents) &#8211; Technological assessment and desk research<\/li>\n<li>Set-up of international partnerships for R&amp;D and science (including consortium-building)\n<ul>\n<li>Green and digital<\/li>\n<li>Aerospace<\/li>\n<li>Smart Manufacturing<\/li>\n<li>Health research and healthcare<\/li>\n<li>International cooperation (south America, Africa)<\/li>\n<li>Innovation ecosystems<\/li>\n<\/ul>\n<\/li>\n<\/ul>\n<p>* Parts of this training are also applicable to other European programmes such as ERASMUS+, DIGITAL, CEF, I3, InnovateUK, SMP, Creative Europe, EU4Health, IMCAP, IMREG\u2026<\/p>\n<p>Examples of similar trainings performed:<\/p>\n<ol>\n<li>University of Lisbon ERC, EIC and collaborative pillar 2 projects (Horizon Europe) <a href=\"https:\/\/www-ulisboa-pt.translate.goog\/info\/apoio-candidaturas-financiamento-europeu-de-investigacao?_x_tr_sl=pt-PT&amp;_x_tr_tl=en&amp;_x_tr_hl=en&amp;_x_tr_pto=wapp\">https:\/\/www-ulisboa-pt.translate.goog\/info\/apoio-candidaturas-financiamento-europeu-de-investigacao?_x_tr_sl=pt-PT&amp;_x_tr_tl=en&amp;_x_tr_hl=en&amp;_x_tr_pto=wapp<\/a><\/li>\n<li>IPN Institute &#8211; also Horizon Europe but emphasis on WIDERA and international cooperation with Associated States to Horizon Europe <a href=\"https:\/\/www.ipn.pt\/noticias\/noticia\/3553?uri=%2F\">https:\/\/www.ipn.pt\/noticias\/noticia\/3553?uri=%2F<\/a><\/li>\n<\/ol>\n<p><strong>Eurostars\/Eureka<\/strong><\/p>\n<ul>\n<li>Preparation of Eurostars\/Eureka Grant Applications<\/li>\n<li>Market analysis<\/li>\n<li>Business plans &amp; financial projections<\/li>\n<\/ul>\n<p><strong>Green Deal, Environmental, and Climate funding programmes<\/strong><\/p>\n<ul>\n<li>Innovation Fund (InovFund)<\/li>\n<li>Blue Growth\/EMFAF<\/li>\n<li>EEA grants<\/li>\n<li>LIFE+<\/li>\n<li>Environmental impact analysis<\/li>\n<\/ul>\n<p><strong>Structural funds: national funding programme for R&amp;D, innovation and growth (PT2030)<\/strong><\/p>\n<p><strong>Writing styles and good writing practices<\/strong> \u2013 General and applicable to multiple programmes and situations<\/p>\n<p><strong>B &#8211; Project Management<\/strong><\/p>\n<ul>\n<li>General PM techniques and processes<\/li>\n<li>Advanced PM and team management, with emphasis in R&amp;D \/ innovation projects<\/li>\n<li>PM for development of new services, products, and processes<\/li>\n<li>Roadmapping techniques<\/li>\n<li>Pipeline management (multiple projects, PMO \u2013 PM Office)<\/li>\n<li>Process definition and management<\/li>\n<\/ul>\n<p><strong>E &#8211; Internationalization and business development<\/strong><\/p>\n<ul>\n<li>Market studies<\/li>\n<li>Competitor analysis<\/li>\n<li>IPR and FtO (freedom to operate) analysis<\/li>\n<li>Go-to-market planning<\/li>\n<li>Preparation of business plans<\/li>\n<li>Fundraising (including matchmaking with investors: VCs, business angels, crowdfunding\u2026)<\/li>\n<li>Commercial and business development activities<\/li>\n<li>Marketing planning<\/li>\n<\/ul>\n","protected":false},"excerpt":{"rendered":"<p>AAVANZ excels at the composition of new Strategies for Start-ups and SMEs, supported by tailored design of specific Innovation processes targeted into the development of new Products and obtaining funding for project implementation. Funding Consulting \u00a0 \u00a0 \u00a0 Technology Roamaps &hellip; <a href=\"https:\/\/aavanz.biz\/?page_id=7\">Continue reading <span class=\"meta-nav\">&rarr;<\/span><\/a><\/p>\n","protected":false},"author":2,"featured_media":0,"parent":0,"menu_order":0,"comment_status":"closed","ping_status":"closed","template":"","meta":{"jetpack_post_was_ever_published":false},"jetpack_shortlink":"https:\/\/wp.me\/P2b0Lj-7","jetpack_sharing_enabled":true,"jetpack-related-posts":[{"id":9,"url":"https:\/\/aavanz.biz\/","url_meta":{"origin":7,"position":0},"title":"Home","author":"Nuno Cunha","date":"December 10, 2011","format":false,"excerpt":"Welcome to AAVANZ AAVANZ provides Innovation Consulting Services for SMEs and start-ups on the set-up of innovative projects, preparing their market strategy, raising R&D and innovation funding and management of such projects successfully. AAVANZ builds on an experience base of more than 17 years of involvement in RTD activities with\u2026","rel":"","context":"Similar post","block_context":{"text":"Similar post","link":""},"img":{"alt_text":"","src":"https:\/\/i0.wp.com\/aavanz.biz\/wp-content\/uploads\/2017\/11\/aavanz01-1024x766.png?resize=350%2C200","width":350,"height":200,"srcset":"https:\/\/i0.wp.com\/aavanz.biz\/wp-content\/uploads\/2017\/11\/aavanz01-1024x766.png?resize=350%2C200 1x, https:\/\/i0.wp.com\/aavanz.biz\/wp-content\/uploads\/2017\/11\/aavanz01-1024x766.png?resize=525%2C300 1.5x"},"classes":[]},{"id":118,"url":"https:\/\/aavanz.biz\/?page_id=118","url_meta":{"origin":7,"position":1},"title":"ICT","author":"Nuno Cunha","date":"February 6, 2012","format":false,"excerpt":"ICT - Information and Communication Technologies - http:\/\/cordis.europa.eu\/fp7\/ict\/ Information and Communication Technologies (ICT) are critical to improve the competitiveness of European industry and to meet the demands of its society and economy. ICTs have a catalytic impact in three key areas: productivity and innovation, by facilitating creativity and management; modernisation\u2026","rel":"","context":"Similar post","block_context":{"text":"Similar post","link":""},"img":{"alt_text":"","src":"","width":0,"height":0},"classes":[]},{"id":288,"url":"https:\/\/aavanz.biz\/?page_id=288","url_meta":{"origin":7,"position":2},"title":"CARE","author":"Nuno Cunha","date":"November 21, 2017","format":false,"excerpt":"Project with participation of PEMAS Green Technologies bring competitive advantages for the future of air transport systems. To ensure the competitivity of local agents, the European regions must carefully guide their investigation finances and Technologic Development (IDT), effectively matching to the various technologic and environment challenges faced by aviation industry,\u2026","rel":"","context":"Similar post","block_context":{"text":"Similar post","link":""},"img":{"alt_text":"","src":"","width":0,"height":0},"classes":[]},{"id":453,"url":"https:\/\/aavanz.biz\/?page_id=453","url_meta":{"origin":7,"position":3},"title":"Unite!Widening","author":"Nuno Cunha","date":"February 13, 2025","format":false,"excerpt":"Unite!Widening project - European Research Alliance: Empowered Together Unite!Widening enhances scientific excellence and maximizes knowledge impact by fostering extensive collaboration across\u00a0 European universities and partners from diverse regions. The project has been conceived to be a complementary project under the umbrella of the European University Alliance Unite! and aims to\u2026","rel":"","context":"Similar post","block_context":{"text":"Similar post","link":""},"img":{"alt_text":"","src":"","width":0,"height":0},"classes":[]},{"id":412,"url":"https:\/\/aavanz.biz\/?page_id=412","url_meta":{"origin":7,"position":4},"title":"keys to success for SME instrument","author":"Nuno Cunha","date":"January 10, 2019","format":false,"excerpt":"EUROPEAN FUNDING OPPORTUNITIES FOR INNOVATIVE SME\u2019S:\u00a0keys to success for SME instrument\u00a0 29\/01\/2019 Av. Professor Gama Pinto 2, Lisbon Vamos realizar, no pr\u00f3ximo dia 29\u00a0de Janeiro, uma sess\u00e3o gratuita sobre oportunidades de financiamento para PMEs inovadoras no HORIZON 2020. V\u00e3o ser apresentados casos de sucesso e os participantes ter\u00e3o a possibilidade\u2026","rel":"","context":"Similar post","block_context":{"text":"Similar post","link":""},"img":{"alt_text":"","src":"","width":0,"height":0},"classes":[]},{"id":128,"url":"https:\/\/aavanz.biz\/?page_id=128","url_meta":{"origin":7,"position":5},"title":"Energy","author":"Nuno Cunha","date":"February 6, 2012","format":false,"excerpt":"Energy - http:\/\/cordis.europa.eu\/fp7\/energy\/home_en.html The objective of energy research under FP7 is to aid the creation and establishment of the technologies necessary to adapt the current energy system into a more sustainable, competitive and secure one. It should also depend less on imported fuels and use a diverse mix of energy\u2026","rel":"","context":"Similar post","block_context":{"text":"Similar post","link":""},"img":{"alt_text":"","src":"","width":0,"height":0},"classes":[]}],"_links":{"self":[{"href":"https:\/\/aavanz.biz\/index.php?rest_route=\/wp\/v2\/pages\/7"}],"collection":[{"href":"https:\/\/aavanz.biz\/index.php?rest_route=\/wp\/v2\/pages"}],"about":[{"href":"https:\/\/aavanz.biz\/index.php?rest_route=\/wp\/v2\/types\/page"}],"author":[{"embeddable":true,"href":"https:\/\/aavanz.biz\/index.php?rest_route=\/wp\/v2\/users\/2"}],"replies":[{"embeddable":true,"href":"https:\/\/aavanz.biz\/index.php?rest_route=%2Fwp%2Fv2%2Fcomments&post=7"}],"version-history":[{"count":14,"href":"https:\/\/aavanz.biz\/index.php?rest_route=\/wp\/v2\/pages\/7\/revisions"}],"predecessor-version":[{"id":459,"href":"https:\/\/aavanz.biz\/index.php?rest_route=\/wp\/v2\/pages\/7\/revisions\/459"}],"wp:attachment":[{"href":"https:\/\/aavanz.biz\/index.php?rest_route=%2Fwp%2Fv2%2Fmedia&parent=7"}],"curies":[{"name":"wp","href":"https:\/\/api.w.org\/{rel}","templated":true}]}}